2 - s. What is the units digit of 13 - (-2 - w/(-1))?
4
Suppose -773 = -7*h + 3497. What is the units digit of h?
0
Let w = -87 + 491. Suppose -4*r = -0*r - w. What is the units digit of r?
1
Suppose 4*w - 2*l - 50 = -0*l, -12 = -4*l. Suppose -6 = -4*s + w. Suppose s*u = 2*u + 60. What is the tens digit of u?
2
Let t be (4/(-6))/(12/(-36)). Let u(n) = -n**2 + 3*n - 2. Let d be u(t). Suppose 3*o + 155 = 5*i, 4*i - 4*o + 9*o - 161 = d. What is the tens digit of i?
3
Let l be (-32)/(-5)*((-14)/2 + 2). What is the tens digit of (l - 0)*(4 - (11 - 5))?
6
Let c(l) be the first derivative of l**4/4 - l**3/3 + l**2/2 - 2*l + 3. Let i be c(2). Suppose 0*d - 124 = -i*d. What is the units digit of d?
1
Let f = -362 + 1355. What is the tens digit of f?
9
Suppose 100*c = -0*c + 106400. What is the hundreds digit of c?
0
Let j(k) = -3*k**2 - 15*k - 14. Let s(y) = 16*y**2 + 75*y + 71. Let u(t) = 11*j(t) + 2*s(t). Suppose 2*g - 108 = 20*g. What is the tens digit of u(g)?
4
Suppose 0 = -11*y + 6993 + 4249. What is the hundreds digit of y?
0
Let d be (-1)/((-2)/(-4) - (-2870)/(-5780)). Let a = d - -422. What is the hundreds digit of a?
1
Let f(g) = 7*g**2 + 27*g - 3. What is the tens digit of f(9)?
0
Suppose 0 = -0*p - 3*p - 3. Let o(d) = -10*d**2 + d. Let u be o(p). Let r = 10 - u. What is the tens digit of r?
2
Let i = -396 + 454. What is the tens digit of i?
5
Let f = -33 + 33. Suppose -u + 5 - 1 = f. Suppose -u*d + 53 = -75. What is the units digit of d?
2
Let f(y) = -y**2 - 8*y - 7. Let g be (28/12)/(2/(-6)). Let x be f(g). Suppose 2*c + 2*c - 76 = x. What is the tens digit of c?
1
Suppose -9*w + 7*w - 2 = 0. Let g be (w + 3 - -70) + 1. What is the tens digit of 4/10 + g/5?
1
Let k be 11/44 + 651/4. Let f = -242 + k. Let m = -44 - f. What is the tens digit of m?
3
Suppose 0 = -5*j + t - 3*t - 75, -4*t = 5*j + 65. Let x = j + 22. Suppose 6*s = o + 2*s - 78, -5*s = x*o - 265. What is the tens digit of o?
5
Suppose 45 = 6*b - 3*b. What is the units digit of 3 - b/(-6)*2?
8
Suppose 31*u + 128 = 33*u. What is the tens digit of u?
6
Suppose -l + 501 = -o, -2*l - 2*o = o - 1027. What is the hundreds digit of l?
5
Let m = 94 - -24. What is the tens digit of m?
1
Suppose -2*h = 4*b, -2*b = h - 5*h + 10. Suppose h*f + p = 240, 134 = f - p + 5*p. What is the units digit of f?
8
What is the units digit of (36/27)/(6915/2304 - 3)?
4
Suppose 3*i + 8351 = 8*g - 11488, 4*g = -2*i + 9930. What is the thousands digit of g?
2
Let d = -47 - -78. Let n = d - 21. What is the units digit of (-4)/n + (-257)/(-5)?
1
Let v(i) be the second derivative of -i**3/6 - 6*i. Let r be v(-2). Suppose r*n - 76 = -2*n. What is the tens digit of n?
1
Suppose 3*l - 2*j + 7*j - 6 = 0, 0 = -3*l + 4*j + 6. Suppose 2*b - 3*c + 14 = c, 0 = -l*b - 4*c + 26. What is the units digit of b?
3
Suppose -z - 2*s + 5*s - 42 = 0, 0 = 2*z + 2*s + 100. Let t = z - -55. What is the units digit of t?
7
Suppose 5*o = -4*q + 2630, -378 - 1596 = -3*q - 3*o. Suppose -7*d = -12*d + q. Suppose 0*s + 4*s = d. What is the units digit of s?
3
Suppose 1097 + 1136 = 11*l. What is the tens digit of l?
0
Let c(i) be the first derivative of -6*i**2 - 34*i - 35. What is the tens digit of c(-24)?
5
Suppose 18*l - 2262 - 5388 = 0. What is the tens digit of l?
2
Let v(i) = i**2 + i - 2. Let l be v(-3). Suppose 264 = l*g + 2*g. What is the units digit of g?
4
Suppose -136*x = -135*x - 57. Let k = 248 - x. What is the tens digit of k?
9
Let s(d) = 8*d + 4. Let i = 5 - 0. What is the tens digit of s(i)?
4
Let b(a) = 2*a - 18. Let r be b(8). What is the units digit of 99/(-6)*4/r?
3
Let j be (-3)/(-9) - 2/6. Suppose s + 14 = t - s, -3*t - 4*s + 32 = j. Suppose t = m + m. What is the units digit of m?
6
Let z = -41 - -84. Suppose 3 = j, -5*b + z = j - 45. What is the units digit of b?
7
Let d = -4 - -5. Let a be (206 - d) + (-2)/2. Suppose -3*f - f = -4*s + 176, 3*f = -5*s + a. What is the tens digit of s?
4
Let m = -999 - -1726. What is the hundreds digit of m?
7
Suppose -46*r + 4303 = 255. What is the tens digit of r?
8
Suppose 0 = 18*o - 19436 + 3704. What is the hundreds digit of o?
8
Let y(p) = p + 2. Let z be y(5). Suppose z*r = 5*r + 282. What is the hundreds digit of r?
1
Let q(b) = -b**3 + 13*b**2 + 5*b + 10. Suppose 0 = -5*v - 5*x + 80, 14 = 2*v - 4*x. What is the units digit of q(v)?
5
Let g(k) = 37*k**2 + 4*k + 10. What is the tens digit of g(-3)?
3
Suppose -40*y = -59399 - 81521. What is the tens digit of y?
2
Suppose -3*d - 16 = -4*d + 3*v, 2*d + 2*v = 0. Suppose 0 = 3*o - d - 8. Suppose 12 = -5*c + 2, 3*l - 16 = -o*c. What is the units digit of l?
8
Let a = 863 + 139. What is the thousands digit of a?
1
Let o(f) = 80*f + 51. What is the units digit of o(12)?
1
Let j = -28 - -64. Let a = 63 - j. Suppose 3*p + a = b, 2*b + 4*p - 6 = 48. What is the tens digit of b?
2
Let n(o) = 2*o**3 + 1 + o - 3*o**2 - o. Let r be (-9 + 4 + 8)/((-6)/(-4)). What is the units digit of n(r)?
5
Let v(u) = u**3 - 15*u**2 + 55*u - 44. What is the tens digit of v(23)?
5
Let w be (-2 - -3) + (1 - -13). Let p = w - 7. What is the units digit of p?
8
Let b(f) = -11 + 2*f**2 - 2*f + 3*f + 4*f**2 - f**3. Suppose 4*q + 0*d = -2*d + 16, 3*q - 7 = -4*d. What is the tens digit of b(q)?
1
What is the tens digit of 7 + (10 - 7 - 5)*-776?
5
Let x(o) = 397*o**2 - 9*o + 2. What is the hundreds digit of x(2)?
5
Suppose -5*z + 1 = -4*y + 2, 0 = -3*z - y + 13. Suppose -z*t + g + 30 = -2*g, 0 = -2*t - 5*g + 41. What is the tens digit of t?
1
Suppose 652 - 1380 = -8*j. What is the units digit of j?
1
Let s = -3058 - -5428. What is the tens digit of s?
7
Let h(g) = 2*g**2 + 16*g + 47. What is the tens digit of h(-11)?
1
Suppose 4*m - 3*r - 1653 = -m, 0 = 3*m + r - 1003. What is the units digit of m?
3
Let a(g) be the third derivative of g**6/120 - g**5/10 - 7*g**4/24 + 3*g**2. Let p be a(6). Let j = 78 + p. What is the units digit of j?
6
Suppose -2*t = 4*f - 202, -5*t - f + 537 = f. Let i = t - 64. What is the units digit of i?
5
Suppose y - 18 + 3 = 0. Let v be (1 + (-3)/y)*20. Suppose 5*m + 19 = s, -46 = -4*s - 3*m - v. What is the units digit of s?
9
Let u = 606 + -580. What is the tens digit of u?
2
Let l(w) = 2*w**2 - 12*w + 5. Let d = -29 - -32. Suppose -2*c = -3*j + 17, -2*j + 24 = d*c - 9. What is the units digit of l(j)?
9
Let p(s) = -11*s - 13. Let m be p(-6). What is the tens digit of m - (-12)/((-6)/2)?
4
Let r(f) = f - 3. Let k(l) = -l**3 - 3*l**2 + 2. Let h be k(-3). Suppose -h*x - q + 5 = 0, 0 = 5*x - q - 39 + 9. What is the units digit of r(x)?
2
Suppose i + 1 = -5*w, 3 = 5*w - 3*i - 0. Suppose w = t - 22 - 6. Let r = t - 22. What is the units digit of r?
6
Suppose 11 = -5*w + 31, -4*g = 5*w - 48. What is the units digit of g?
7
Let a = -4 - 5. Let g be 6/(-9) + (-2)/(-3). What is the units digit of (a - -8)*(-6 + g)?
6
Let u(l) = 9*l**2 - 7*l + 76. What is the hundreds digit of u(9)?
7
Suppose -87975 = -122*r + 77*r. What is the hundreds digit of r?
9
Let d(v) be the second derivative of v**4/12 - v**3/2 - v**2 - 4*v. Let i be d(5). Suppose -21 = 5*x - i*x. What is the units digit of x?
7
Suppose 2*f - 88 = 124. Let q be 0 + 6/(-18)*-9. Suppose 2*x = d + f, q*x + 3*d - 137 = -d. What is the tens digit of x?
5
Suppose 0 = -29*t + 19024 + 17081. What is the thousands digit of t?
1
Let d(r) = -r - 15. Let m = 26 - 40. Let w be d(m). Let x(b) = -39*b**3 - 2*b**2 + 1. What is the tens digit of x(w)?
3
Let d(a) = -a - 7. Let j(g) = -g**3 + 4*g**2 + 2*g + 7. Let x be j(5). What is the units digit of d(x)?
1
Suppose 3742 + 5001 = 7*m. What is the thousands digit of m?
1
Suppose 1 + 0 = -k. Let a be k/(-2 - 21/(-12)). Suppose -5*f + 15 = -a*f. What is the tens digit of f?
1
What is the units digit of ((-1)/(-4)*-75)/(1/(-92))?
5
Suppose 6 - 1 = v. Let h(k) = -3*k**2 - 4 + 4*k - 7 + 10*k**2 - 5*k**2. What is the units digit of h(v)?
9
Let j(f) = 5*f**2 - 6*f + 7. Let d = -11 + 16. Let w be j(d). Let i = w + -72. What is the tens digit of i?
3
Suppose 0 = 5*k + 3*x + 458, -5*k - 26 = -3*x + 426. What is the units digit of (-2)/13 - 5292/k?
8
Let u be 66/(-55)*10/(-4). Suppose -b + 95 = u*p, 4*b - 3*p - 335 = -0*b. What is the tens digit of b?
8
Let b = -157 + 225. Let m be 1*(-1)/4*-188. Let a = b - m. What is the tens digit of a?
2
Suppose 0 = 39*g + 2